{"id":12,"date":"2023-02-20T15:10:25","date_gmt":"2023-02-20T15:10:25","guid":{"rendered":"http:\/\/zorteft.cluster028.hosting.ovh.net\/zortefotografia.com\/?page_id=12"},"modified":"2025-07-20T14:42:18","modified_gmt":"2025-07-20T14:42:18","slug":"sobre-mi","status":"publish","type":"page","link":"https:\/\/zortefotografia.com\/","title":{"rendered":""},"content":{"rendered":"\n<div style=\"height:100px\" aria-hidden=\"true\" class=\"wp-block-spacer\"><\/div>\n\n\n\n<h4 class=\"wp-block-heading\">Lo que ofrecemos<\/h4>\n\n\n\n<ul class=\"wp-block-list\">\n<li><strong>Fotograf\u00eda Corporativa:<\/strong> Capturamos la esencia de tu equipo y tus instalaciones, proyectando una imagen profesional y accesible.<\/li>\n\n\n\n<li><strong>Fotograf\u00eda de Producto:<\/strong> Hacemos que tus productos luzcan irresistibles, destacando sus mejores caracter\u00edsticas y detalles.<\/li>\n\n\n\n<li><strong>Cobertura de Eventos:<\/strong> Documentamos tus eventos empresariales con precisi\u00f3n y creatividad, asegurando que cada momento importante quede inmortalizado.<\/li>\n\n\n\n<li><strong>Contenido para Redes Sociales:<\/strong> Creamos im\u00e1genes atractivas y relevantes que potencian tu presencia en las redes sociales, ayud\u00e1ndote a alcanzar y atraer a tu p\u00fablico objetivo.<\/li>\n<\/ul>\n\n\n\n<h4 class=\"wp-block-heading\">La empresa que necesitas<\/h4>\n\n\n\n<p>En el entorno digital actual, la imagen lo es todo. Somos la empresa que necesitas para crear contenido visual que resuene con tus clientes y eleve tu presencia en redes sociales. Nuestro compromiso es ayudarte a destacar y a comunicar tu mensaje con claridad y estilo.<\/p>\n\n\n\n<p class=\"has-text-align-center\"><strong><a href=\"mailto:hola@zortefotografia.com\">Contacta <\/a>con nosotros hoy mismo y descubre c\u00f3mo podemos ayudarte a transformar tu visi\u00f3n en realidad a trav\u00e9s de la fotograf\u00eda profesional.<\/strong><\/p>\n\n\n\n<div style=\"height:100px\" aria-hidden=\"true\" class=\"wp-block-spacer\"><\/div>\n\n\n\n<p><\/p>\n","protected":false},"excerpt":{"rendered":"<p>Lo que ofrecemos La empresa que necesitas En el entorno digital actual, la imagen lo es todo. Somos la empresa que necesitas para crear contenido visual que resuene con tus clientes y eleve tu presencia en redes sociales. Nuestro compromiso es ayudarte a destacar y a comunicar tu mensaje con claridad y estilo. Contacta con nosotros hoy mismo y descubre c\u00f3mo podemos ayudarte a transformar tu visi\u00f3n en realidad a trav\u00e9s de la fotograf\u00eda profesional.<\/p>\n","protected":false},"author":1,"featured_media":0,"parent":0,"menu_order":1,"comment_status":"closed","ping_status":"closed","template":"","meta":{"om_disable_all_campaigns":false,"_monsterinsights_skip_tracking":false,"_monsterinsights_sitenote_active":false,"_monsterinsights_sitenote_note":"","_monsterinsights_sitenote_category":0,"footnotes":""},"class_list":["post-12","page","type-page","status-publish","hentry"],"_links":{"self":[{"href":"https:\/\/zortefotografia.com\/index.php?rest_route=\/wp\/v2\/pages\/12","targetHints":{"allow":["GET"]}}],"collection":[{"href":"https:\/\/zortefotografia.com\/index.php?rest_route=\/wp\/v2\/pages"}],"about":[{"href":"https:\/\/zortefotografia.com\/index.php?rest_route=\/wp\/v2\/types\/page"}],"author":[{"embeddable":true,"href":"https:\/\/zortefotografia.com\/index.php?rest_route=\/wp\/v2\/users\/1"}],"replies":[{"embeddable":true,"href":"https:\/\/zortefotografia.com\/index.php?rest_route=%2Fwp%2Fv2%2Fcomments&post=12"}],"version-history":[{"count":17,"href":"https:\/\/zortefotografia.com\/index.php?rest_route=\/wp\/v2\/pages\/12\/revisions"}],"predecessor-version":[{"id":9367,"href":"https:\/\/zortefotografia.com\/index.php?rest_route=\/wp\/v2\/pages\/12\/revisions\/9367"}],"wp:attachment":[{"href":"https:\/\/zortefotografia.com\/index.php?rest_route=%2Fwp%2Fv2%2Fmedia&parent=12"}],"curies":[{"name":"wp","href":"https:\/\/api.w.org\/{rel}","templated":true}]}}